ose -s - 50 = 5*z + 4*s, 0 = 2*z + 4*s + 26. Determine u(z).
11
Let l(t) = -95*t - 101*t + 188*t - 25. What is l(-5)?
15
Let a(q) = -3*q**2 - 5154 + 10312 - 5160. What is a(-2)?
-14
Let n(l) be the second derivative of -l**6/120 - l**5/60 + l**3/6 + 91*l**2/2 - 37*l - 1. Let f(s) be the first derivative of n(s). Calculate f(-2).
5
Let y(n) = -28*n - 1. Suppose 0 = -19*s + 68 + 46. Let c(w) = 5*w. Let j(v) = s*y(v) + 34*c(v). What is j(6)?
6
Let b(f) = -5883*f - 311 + 11721*f - 5898*f. Determine b(-5).
-11
Suppose 5*j - 5*s = 10, 0*s = -3*s + 3. Suppose -r - 8 = -5*r. Let w(a) = -a**3 - 1 - 2*a - 6*a**r - 14*a**2 - 3 + 24*a**2. Determine w(j).
-1
Let g(w) = -w**2 + 2*w + 6. Let i(s) = 2*s**2 - 9*s - 16. Let c be i(7). Suppose -n + 25 = -5*d, -4*n + 2*d + c = -9. What is g(n)?
-9
Let s(x) = -x. Let h(d) = 6*d + 1. Let z(t) = h(t) + 5*s(t). Let q = 5835 - 5840. Determine z(q).
-4
Let i(o) be the first derivative of 0*o**3 - 1/24*o**4 + 1 - 10*o**2 + 0*o. Let v(y) be the second derivative of i(y). Calculate v(-5).
5
Let x(w) = 59*w + 999. Let k be x(-17). Let s(u) be the first derivative of -u**4/4 - u**3 + u**2 - 3*u + 14. Determine s(k).
5
Suppose 3*c + 111 = 12. Let z = c + 36. Let t(a) = -14*a - 6*a**2 + 6 + 27*a - a**z - 16*a. Determine t(-5).
-4
Let t(p) be the first derivative of -p**4/4 + 3*p**3 + 11*p**2/2 - 11*p + 1. Let n = -80656 - -80666. Give t(n).
-1
Let b(g) = -5*g + 2. Let j(s) = -9*s + 14. Let z(x) = -19*x + 25. Let u(c) = -5*j(c) + 3*z(c). Let r(d) = 7*b(d) - 3*u(d). What is r(-3)?
-4
Let h(t) = -40*t**2 - 16*t - 10. Let g(j) = -60*j**2 - 23*j - 14. Let n(i) = 5*g(i) - 7*h(i). Give n(-1).
-17
Let r be (7 + 0)*4/28. Let q be (4 - r)/(21/(-35)). Let f(z) = 1 - 6*z**2 + z**2 - z**3 + z - 5. Give f(q).
-9
Let c(l) = 3*l - 2*l**2 + 4171*l**3 - 9 + 7 - 4173*l**3 + 7. Determine c(-3).
32
Let p = -419 + 487. Suppose 2*f = -92 + p. Let w(d) = d**2 + 14*d + 23. Calculate w(f).
-1
Let t(h) = -3*h + 9. Let y(q) = -4*q**2 + 8*q + 33. Let r be y(6). Let k be (-6)/r - (-2)/(-21) - -4. Calculate t(k).
-3
Suppose 25*c - 37*c + 11232 = 0. Let x(b) = -4 + c*b - 2*b**2 - 1877*b + 936*b. Calculate x(-3).
-7
Let u(c) = c + 2. Let l be (-37)/(-4)*4/1*1. Let w = 99 - 66. Let h = w - l. Determine u(h).
-2
Let w(p) be the third derivative of p**4/24 - 5*p**2. Let z be 7 + -3 + 6/(-3). Let x be z*(-1)/(-5) + 196/35. Calculate w(x).
6
Let m(a) = a**3 - 7*a**2 + a - 8. Let j(q) = q + 15. Let r be j(-7). Suppose 0 = 21*h - r*h - 91. What is m(h)?
-1
Let t(p) = -4*p + 17 - 22 + 60 + 7*p. Let c be t(-18). Let j(x) = 10*x + 1. What is j(c)?
11
Let c(a) = -66*a**3 - 2*a**2 - a + 2. Let k be c(1). Let l = k + 43. Let v be (l/3 + 3)*-1. Let h(j) = j**2 - 5*j + 1. What is h(v)?
1
Suppose 8*c + 2*l - 36 = 3*c, -4 = 2*l. Let o(b) be the first derivative of -b**3/3 + 5*b**2 + 3*b + 2168. Determine o(c).
19
Let k(u) = u**3 - 5*u**2 + 3*u + 6. Let r be k(4). Let p be (-3 + 5)*3/r. Let q(d) = 0*d**2 - 4 + 3*d**2 - p*d - 2*d**2. Calculate q(3).
-4
Let x(c) = 2*c - 28. Suppose 14*i - 15*i - 3 = 0. Let o be 8/(16/i + 6). What is x(o)?
-4
Let s(n) = -n**3 + 5*n**2 + 7*n - 4. Suppose -83*d + 70 = -73*d. Suppose -2*k - 20 = -5*g, 0 = -4*g + d*g + k - 23. Determine s(g).
2
Let c(b) = -b**3 + 11*b**2. Let y(x) = -x**3 + 10*x**2 - x + 1. Let h(d) = -4*c(d) + 5*y(d). Suppose 0*i - 50 = -10*i. Calculate h(i).
5
Let x be 15*4/18*(-18)/12. Let i(d) be the second derivative of d**5/20 + d**4/4 - d**3 + 5*d - 3. Determine i(x).
-20
Let y(h) = -h**3 + 268*h**2 + 18911*h - 973. Let m be y(326). Let d(c) = -8*c**2 + c - 6 + 2*c**2 + 4*c**3 - 3*c**3. Calculate d(m).
-26
Let u(n) = -7*n**2 + 137*n - 4. Let w(h) = 8*h**2 - 160*h + 5. Let y(i) = -7*u(i) - 6*w(i). Suppose 0*p = -5*p - 30. Calculate y(p).
28
Let j(i) be the first derivative of -3*i**4/4 + 2*i**3/3 + 3*i**2/2 + 263. Let c be j(2). Let t(d) = -d**2 - 11*d - 11. Determine t(c).
-1
Let p(o) = -25*o**2 + 12*o + 9. Let m(l) = 6*l**2 + 1. Let u(j) = 4*m(j) + p(j). Determine u(14).
-15
Let g(x) = 35*x**2 - 18*x + 30. Let m be g(2). Let b(u) = 6*u + 74 - m + 66. Calculate b(-6).
-30
Suppose 5*m - 4982*k + 4985*k + 61 = 0, -4*m + 5*k + 77 = 0. Let t be (-4)/6 - 22/(-6). Let b(v) = 0*v**3 - 4*v**3 + v + 2*v**t - v**2 - 1. Give b(m).
9
Let a be -2*15/(-6)*1. Let p(o) = o**3 - o**2 - 2*o + 7. Let s be p(2). Let y(c) = -2 - 15453*c + s + 15454*c. Give y(a).
10
Let g be (-8)/(-3)*27/18. Suppose -k - 3 = -5*n - 0*n, g*n = 2*k + 6. Let x(a) = -3 + n - 949*a + 947*a. What is x(-5)?
7
Let p(o) = 6*o + 13. Let s(t) = t + 3. Let l = -52 - -54. Let x(m) = l*p(m) - 11*s(m). What is x(10)?
3
Let u(d) = d**2 + 6*d - 6. Let z(j) be the second derivative of j**5/20 + 5*j**4/6 - 3*j**3/2 + 13*j**2 - 140*j. Let g be z(-11). Calculate u(g).
34
Let a(k) = 4*k**3 + 4*k**2 + 2*k - 3. Let u = 2825 - 2828. Give a(u).
-81
Let w(n) = 3*n + 5. Let m = 166 - 70. Let x be m/(-18)*((-6)/(-4) + 0). What is w(x)?
-19
Let m(c) be the second derivative of -1/3*c**3 + 3*c + 1/3*c**4 + 7 - 2*c**2 - 1/20*c**5. Give m(4).
-12
Let g(k) = k**2 + 45*k + 303. Let s be (-2*(-2)/8)/((-15379)/(-962) - 16). What is g(s)?
7
Let q(u) = -60*u + 62. Let n be q(1). Let x(j) = -28*j**2 + n - 26*j + 27*j + 26*j**2. Calculate x(2).
-4
Let v(l) = -3*l**3 + 3*l**2 + 2*l. Let b(h) = 33*h**3 - 41*h**2 - 28*h + 17. Let u(c) = -b(c) - 10*v(c). What is u(4)?
-1
Let u = 3699 + -7397/2. Let p(n) be the first derivative of u*n**2 + 21 - n. Calculate p(-6).
-7
Let y(o) = 6*o - 9. Suppose 4*r = 4*c - 680, -r - 520 = c - 4*c. Let f = 181 - c. Determine y(f).
27
Let n be ((-25)/(-6) - 4) + (-133)/6. Let r be n/(-8) + 6 + 23/(-4). Suppose -m - 3*m = -8, r*k - 3*m = -12. Let q(y) = 3*y + 3. Give q(k).
-3
Let h(a) = -132*a + 1190. Let f be h(9). Let z(c) be the first derivative of c - 3/2*c**f + 1/3*c**3 - 14. What is z(3)?
1
Let w(a) = a + 1. Let o = 568 - 388. Suppose 7*m - 135 - o = 0. Suppose -m = -18*p + 3*p. Calculate w(p).
4
Suppose c - 25 = 3*z, 4*z = 5*c - 25 - 12. Let t(k) = 5 - 20*k**3 + 9*k + 3 - 1 + k - 7*k**2 + 19*k**3. Calculate t(z).
-9
Suppose -z + 4 = 2. Let u = -1 - z. Let r(c) = c**3 - 5*c**2 + 3*c - 5. Let j(f) = f**3 - 4*f**2 + 3*f - 4. Let w(g) = -7*j(g) + 6*r(g). Give w(u).
16
Suppose -m + g - 13 = -3*m, 0 = -2*m + 2*g - 2. Let h be ((-15)/m)/5*-4. Let r(k) = -7*k - 2*k**2 + 2*k + 8*k + 0 + 2. Calculate r(h).
-7
Let z(i) = -i**3 + i**2 + 2*i + 4. Let u(f) = -92 - 135 + f**2 + 165 + 8*f. Let x be u(-13). Calculate z(x).
-8
Let a(h) = 25*h**2 + 19 + 23*h - 23*h**2 - 2. Let l be a(-10). Let u = 13 + l. Let b(z) = z**2 - 8. Give b(u).
-8
Let b(f) = 11*f**2 + 9*f - 13. Let n(a) = -49*a**2 - 39*a + 50. Let d(u) = -9*b(u) - 2*n(u). Give d(6).
-37
Let a(h) = 95 + 101 - 9*h - 180. What is a(2)?
-2
Let a(b) = b**2 - 4*b - 7. Suppose -3 = -f - 0. Suppose -2*u - 10 = -f*m, -2*m - 2*u = -26 + 6. Suppose 0 = -m*h + h + 25. Calculate a(h).
-2
Let q(n) = -n**3 - 19*n**2 - 2*n - 38. Suppose -97 = 5*j - 2*v, 87*j - 84*j + 59 = 2*v. Give q(j).
0
Let q(f) = f**2 + 6*f + 2. Let h(d) = -d**3 - 13*d**2 - 24*d - 8. Let r be h(-11). Let j(c) = c + 20. Let n be j(r). Let i = n - 41. Calculate q(i).
9
Let r be (-2)/(-3 - 2/(-2)). Let k(d) = -234*d - 1 + 16*d**2 + 6*d**2 + 236*d. Calculate k(r).
23
Let m(h) be the second derivative of 1/12*h**4 + 5/3*h**3 - h + 6*h**2 + 11. Determine m(-9).
3
Let s(k) = 12*k**3 + 3*k**2 - 11*k + 29. Let j(b) = -7*b**3 - 2*b**2 + 7*b - 13. Let a(w) = 5*j(w) + 3*s(w). Determine a(0).
22
Let j(x) = 14*x + 30*x**2 - 13*x**2 + 58 + 31*x**2 - 49*x**2. Determine j(17).
7
Let c(f) = -f**3 + 18*f**2 - 73*f - 41. Let q be c(11). Let t(z) = z**2 + 5. What is t(q)?
14
Let d(z) = -3*z**2 - 16*z - 2. Let y be 132/(-28) - (-2)/(-14)*2. What is d(y)?
3
Let g = 2303 + -2308. Let j(o) = 5*o + 30. What is j(g)?
5
Let h(w) = 27*w - 170. Let o be h(7). Let q = o + -21. Let v(x) = -2*x**3 - 4*x**2 - 4*x - 3. Determine v(q).
5
Let k(w) = 0 + 3 + 3 - 3*w. Suppose 2*a = 4*z - 30, 0*z - 20 = z + 5*a. Suppose z*q - 99 = -79. Calculate k(q).
-6
Let n(v) = v**2 + 15*v - 32. Let k(q) = -3*q + 6. Let z(m) = 11*k(m) + 2*n(m). Let g = -11 + 9. Let d be 1/(-1*g/4). Calculate z(d).
4
Let g(l) = l**3 - 5*l**2 + 4*l - 12. Suppose -j = -5*o - 15, -32*o + 27*o = 2*j. Give g(j).
8
Let d be 12/15*(-3 - (-555)/10).